{"id":684,"date":"2018-06-01T15:20:02","date_gmt":"2018-06-01T13:20:02","guid":{"rendered":"http:\/\/abte.eu\/?page_id=684"},"modified":"2018-06-01T15:20:02","modified_gmt":"2018-06-01T13:20:02","slug":"proposition-de-stage-de-m2-pour-lannee-2018-2019","status":"publish","type":"page","link":"https:\/\/abte.eu\/index.php\/malim\/proposition-de-stage-de-m2-pour-lannee-2018-2019\/","title":{"rendered":"Proposition de stage de M2 pour l\u2019ann\u00e9e 2018-2019"},"content":{"rendered":"<p><span style=\"color: #008000;\"><strong>\u00c9valuation de l&rsquo;impact de polluants environnementaux sur un mod\u00e8le de microbiote intestinal humain <\/strong><\/span><\/p>\n<p><strong>\u00a0<\/strong>De nombreuses \u00e9tudes font \u00e9tat de dysbioses intestinales et de leur lien probable avec l&rsquo;exposition \u00e0 des polluants environnementaux lesquels provoqueraient des d\u00e9sordres m\u00e9taboliques impactant les diff\u00e9rents syst\u00e8mes digestif, immunologique ou endocrinien.<\/p>\n<p>La compr\u00e9hension des interactions entre microbiote intestinal, polluants et matrice intestinale est primordiale pour d\u00e9terminer les m\u00e9canismes qui g\u00e9n\u00e8rent ces d\u00e9sordres et envisager les approches pr\u00e9ventives et\/ou th\u00e9rapeutiques. Une premi\u00e8re approche consistera \u00e0 \u00e9tudier l&rsquo;impact de diff\u00e9rentes mol\u00e9cules x\u00e9nobiotiques (\u00e0 d\u00e9terminer) sur l&rsquo;adh\u00e9sion de souches microbiennes repr\u00e9sentatives de la microflore intestinale sur mod\u00e8le de cellules Caco2 ainsi que sur la perm\u00e9abilit\u00e9 cellulaire ; Une seconde phase s\u2019attachera \u00e0 \u00e9valuer les \u00e9ventuelles modifications des fonctions m\u00e9taboliques de l&rsquo;\u00e9cosyst\u00e8me mod\u00e8le en prenant comme marqueur la production de butyrate.<\/p>\n<p>Au cours de ce travail, la pertinence de la spectroscopie IRTF sera test\u00e9e comme outil de suivi des modifications m\u00e9taboliques induites.<\/p>\n<p>Le stage se d\u00e9roulera au sein de l\u2019\u00e9quipe Malim de l\u2019UR ABTE de l\u2019Universit\u00e9 de Caen Normandie et sera encadr\u00e9 par le Dr Caroline AMIEL et le Pr Jean Michel Panoff<\/p>\n<p>Envoyez CV et lettre de motivation \u00e0 <span style=\"color: #0000ff;\">caroline.amiel@unicaen.fr<\/span><\/p>\n<p>Unit\u00e9 de Recherche ABTE (Alientation-Bioproc\u00e9d\u00e9s-Toxicologie-Environnements) EA 4651<\/p>\n<p>Equipe MALIM (Matrice Alimentaire et Microbiote)<\/p>\n<p>Esplanade de la Paix Universit\u00e9 de Caen Normandie 14032 Caen Cedex 5<\/p>\n<p>Tel : 0033 (0)2.31.56.59.91<\/p>\n","protected":false},"excerpt":{"rendered":"<p>\u00c9valuation de l&rsquo;impact de polluants environnementaux sur un mod\u00e8le de microbiote intestinal humain \u00a0De nombreuses \u00e9tudes font \u00e9tat de dysbioses intestinales et de leur lien probable avec l&rsquo;exposition \u00e0 des polluants environnementaux lesquels provoqueraient des d\u00e9sordres m\u00e9taboliques impactant les diff\u00e9rents syst\u00e8mes digestif, immunologique ou endocrinien. La compr\u00e9hension des interactions entre microbiote intestinal, polluants et matrice &hellip; <a href=\"https:\/\/abte.eu\/index.php\/malim\/proposition-de-stage-de-m2-pour-lannee-2018-2019\/\" class=\"more-link\">Continuer la lecture<span class=\"screen-reader-text\"> de &laquo;&nbsp;Proposition de stage de M2 pour l\u2019ann\u00e9e 2018-2019&nbsp;&raquo;<\/span><\/a><\/p>\n","protected":false},"author":2,"featured_media":0,"parent":14,"menu_order":0,"comment_status":"closed","ping_status":"closed","template":"","meta":{"footnotes":""},"class_list":["post-684","page","type-page","status-publish","hentry"],"_links":{"self":[{"href":"https:\/\/abte.eu\/index.php\/wp-json\/wp\/v2\/pages\/684","targetHints":{"allow":["GET"]}}],"collection":[{"href":"https:\/\/abte.eu\/index.php\/wp-json\/wp\/v2\/pages"}],"about":[{"href":"https:\/\/abte.eu\/index.php\/wp-json\/wp\/v2\/types\/page"}],"author":[{"embeddable":true,"href":"https:\/\/abte.eu\/index.php\/wp-json\/wp\/v2\/users\/2"}],"replies":[{"embeddable":true,"href":"https:\/\/abte.eu\/index.php\/wp-json\/wp\/v2\/comments?post=684"}],"version-history":[{"count":1,"href":"https:\/\/abte.eu\/index.php\/wp-json\/wp\/v2\/pages\/684\/revisions"}],"predecessor-version":[{"id":685,"href":"https:\/\/abte.eu\/index.php\/wp-json\/wp\/v2\/pages\/684\/revisions\/685"}],"up":[{"embeddable":true,"href":"https:\/\/abte.eu\/index.php\/wp-json\/wp\/v2\/pages\/14"}],"wp:attachment":[{"href":"https:\/\/abte.eu\/index.php\/wp-json\/wp\/v2\/media?parent=684"}],"curies":[{"name":"wp","href":"https:\/\/api.w.org\/{rel}","templated":true}]}}